{"id":1304,"date":"2019-10-27T21:29:42","date_gmt":"2019-10-27T21:29:42","guid":{"rendered":"http:\/\/traunstein-bicycle-club.de\/?page_id=1304"},"modified":"2020-02-07T20:18:24","modified_gmt":"2020-02-07T20:18:24","slug":"in-the-news","status":"publish","type":"page","link":"https:\/\/traunstein-bicycle-club.de\/?page_id=1304","title":{"rendered":"In the News"},"content":{"rendered":"\n<h2 class=\"wp-block-heading\">Teilnehmerrekord beim \u00bbSlow Roll\u00ab durch die Traunsteiner Innenstadt<\/h2>\n\n\n\n<p>4. Februar 2020<\/p>\n\n\n\n<blockquote class=\"wp-block-quote\"><p>Das Thema Fahrradfahren bewegt die Traunsteiner zunehmend: Mit 70 Teilnehmern stellte der \u00bbSlow Roll\u00ab des Traunstein Bicycle Clubs bei seiner sechsten Auflage einen Teilnehmerrekord auf.\u00a0<\/p><cite><a href=\"https:\/\/www.traunsteiner-tagblatt.de\/region\/landkreis-traunstein\/traunstein_artikel,-teilnehmerrekord-beim-slow-roll-durch-die-traunsteiner-innenstadt-_arid,550719.html\">https:\/\/www.traunsteiner-tagblatt.de\/region\/landkreis-traunstein\/traunstein_artikel,-teilnehmerrekord-beim-slow-roll-durch-die-traunsteiner-innenstadt-_arid,550719.html<\/a><\/cite><\/blockquote>\n\n\n\n<h2 class=\"wp-block-heading\">Traunsteiner \u201cSlow Roll\u201d bricht Teilnehmerrekord<\/h2>\n\n\n\n<p>3. Februar 2020<\/p>\n\n\n\n<blockquote class=\"wp-block-quote\"><p>Das Thema Fahrradfahren scheint die Traunsteiner zu bewegen: Mit mittlerweile 70 Teilnehmer*innen stellte der \u201cSlow Roll\u201d des Traunstein Bicycle Club am vergangenen Samstag erneut einen Teilnehmerrekord auf.<\/p><cite><a href=\"https:\/\/www.chiemgau24.de\/chiemgau\/traunstein\/traunstein-ort29586\/traunstein-traunsteiner-slow-roll-bricht-teilnehmerrekord-13518820.html\">https:\/\/www.chiemgau24.de\/chiemgau\/traunstein\/traunstein-ort29586\/traunstein-traunsteiner-slow-roll-bricht-teilnehmerrekord-13518820.html<\/a><\/cite><\/blockquote>\n\n\n\n<h2 class=\"wp-block-heading\">Interesse an besseren Radlwegen ebbt nicht ab<\/h2>\n\n\n\n<p>7. Januar 2020<\/p>\n\n\n\n<blockquote class=\"wp-block-quote\"><p>Bereits beim 4. Slow Roll im November konnte der 100. Teilnehmer begr\u00fc\u00dft werden, und auch beim 5. Slow Roll am vergangenen Freitag waren wieder zahlreiche Teilnehmer am Start.<\/p><cite><a href=\"https:\/\/www.chiemgau24.de\/bgland\/region-traunstein\/traunstein-ort29586\/traunstein-slow-roll-interesse-besseren-radlwegen-ebbt-nicht-13424107.html\">https:\/\/www.chiemgau24.de\/bgland\/region-traunstein\/traunstein-ort29586\/traunstein-slow-roll-interesse-besseren-radlwegen-ebbt-nicht-13424107.html<\/a><\/cite><\/blockquote>\n\n\n\n<h2 class=\"wp-block-heading\">&#8222;Slow Roll&#8220; &#8211; Radler trotzen K\u00e4lte und Regen<\/h2>\n\n\n\n<p>2. Dezember 2019<\/p>\n\n\n\n<blockquote class=\"wp-block-quote\"><p>Trotz K\u00e4lte und Regen trafen sich am vergangenen Freitag wieder \u00fcber 30 Traunsteiner Radler*innen aller Altersgruppen zu einer gem\u00fctlichen Radlrunde durch die Stadt.<\/p><cite><a href=\"https:\/\/www.chiemgau24.de\/chiemgau\/traunstein\/traunstein-ort29586\/traunstein-slow-roll-radler-trotzen-kaelte-regen-13264904.html\">https:\/\/www.chiemgau24.de\/chiemgau\/traunstein\/traunstein-ort29586\/traunstein-slow-roll-radler-trotzen-kaelte-regen-13264904.html<\/a><\/cite><\/blockquote>\n\n\n\n<h2 class=\"wp-block-heading\">Ein Zeichen setzen f\u00fcrs Radeln<\/h2>\n\n\n\n<p>29. Oktober 2019<\/p>\n\n\n\n<blockquote class=\"wp-block-quote\"><p>Etwa 50 Radfahrer nahmen an der dritten Radtour des im Juni gegr\u00fcndeten \u00bbTraunstein Bicycle Clubs\u00ab teil. Auf guten und weniger guten Radlstrecken ging es quer durch die Stadt mit dem Ziel, Aufmerksamkeit zu erregen, um das Radfahren in der Stadt sicherer und leichter zu machen.<\/p><cite><a href=\"https:\/\/www.traunsteiner-tagblatt.de\/region\/landkreis-traunstein\/traunstein_artikel,-ein-zeichen-setzen-fuers-radeln-_arid,528080.html\">https:\/\/www.traunsteiner-tagblatt.de\/region\/landkreis-traunstein\/traunstein_artikel,-ein-zeichen-setzen-fuers-radeln-_arid,528080.html<\/a><\/cite><\/blockquote>\n\n\n\n<h2 class=\"wp-block-heading\">Traunstein setzt ein Zeichen f\u00fcrs Radeln<\/h2>\n\n\n\n<p>28. Oktober 2019<\/p>\n\n\n\n<blockquote class=\"wp-block-quote\"><p>Traunstein &#8211;&nbsp;Zum dritten Mal traf sich am vergangenen Freitag der &#8222;Traunstein Bicycle Club&#8220; f\u00fcr eine gem\u00fctliche Radltour durch Traunstein.<br>&#8222;Wir wollen Traunstein in einen perfekten Raum f\u00fcrs Radeln verwandeln&#8220;, sagt Nils B\u00f6deker, einer der Initiatoren des &#8222;Traunstein Bicycle Club&#8220;. Patrick Nepper f\u00fcgt hinzu:&nbsp;<strong>&#8222;Wir sind total begeistert, dass bei unserem dritten &#8218;Slow Roll&#8216; gleich 50 Teilnehmer*innen am Start waren! Die Leute wollen, dass sich was \u00e4ndert!&#8220;<\/strong>. Ilja Frank meint: &#8222;Die Idee zum Slow Roll stammt aus Amerika: In Detroit treffen sich w\u00f6chentlich Radler*innen aller Art um gemeinsam langsam durch die Stadt zu radeln. Wie man sieht funktioniert das auch in Traunstein. Radeln muss sicherer und einfacher werden.&#8220; Der n\u00e4chste Slow Roll findet im November statt und wird auf&nbsp;<a rel=\"noreferrer noopener\" href=\"http:\/\/www.traunstein-bicycle-club.de\/\" target=\"_blank\">www.traunstein-bicycle-club.de<\/a>&nbsp;angek\u00fcndigt.<br><em>Pressemitteilung&nbsp;Traunstein Bicycle Club<\/em><\/p><cite><a href=\"https:\/\/www.chiemgau24.de\/chiemgau\/traunstein\/traunstein-ort29586\/traunstein-slow-roll-traunstein-setzt-zeichen-fuers-radeln-13176017.html\">https:\/\/www.chiemgau24.de\/chiemgau\/traunstein\/traunstein-ort29586\/traunstein-slow-roll-traunstein-setzt-zeichen-fuers-radeln-13176017.html<\/a><\/cite><\/blockquote>\n\n\n\n<h2 class=\"wp-block-heading\">Rund 700 Teilnehmer&nbsp;demonstrierten in Traunstein f\u00fcr das Klima<\/h2>\n\n\n\n<p>20. September 2019<\/p>\n\n\n\n<blockquote class=\"wp-block-quote\"><p>F\u00fcr mehr Fahrradfreundlichkeit in der Gro\u00dfen Kreisstadt setzt sich der neu gegr\u00fcndete Traunstein Bicycle Club ein, berichtete Patrick Nepper. F\u00fcr den Stra\u00dfenbau w\u00fcrden in der Stadt 2 Millionen Euro ausgegeben, f\u00fcr Fahrradwege nur 20.000 Euro. \u00bbWir wollen die Belange der Radler in Traunstein st\u00e4rker hervorheben, auch durch regelm\u00e4\u00dfige Demo-Fahrten.\u00ab Das n\u00e4chste Treffen ist am kommenden Montag um 18 Uhr am Lindlbrunnen.<\/p><cite><a href=\"https:\/\/www.traunsteiner-tagblatt.de\/region\/landkreis-traunstein\/traunstein_artikel,-rund-700-teilnehmer-demonstrierten-in-traunstein-fuer-das-klima-_arid,519518.html\">https:\/\/www.traunsteiner-tagblatt.de\/region\/landkreis-traunstein\/traunstein_artikel,-rund-700-teilnehmer-demonstrierten-in-traunstein-fuer-das-klima-_arid,519518.html<\/a><\/cite><\/blockquote>\n","protected":false},"excerpt":{"rendered":"<p>Teilnehmerrekord beim \u00bbSlow Roll\u00ab durch die Traunsteiner Innenstadt 4. Februar 2020 Das Thema Fahrradfahren bewegt die Traunsteiner zunehmend: Mit 70 Teilnehmern stellte der \u00bbSlow Roll\u00ab des Traunstein Bicycle Clubs bei &#8230;<\/p>\n","protected":false},"author":1,"featured_media":0,"parent":0,"menu_order":0,"comment_status":"closed","ping_status":"closed","template":"","meta":{"footnotes":""},"_links":{"self":[{"href":"https:\/\/traunstein-bicycle-club.de\/index.php?rest_route=\/wp\/v2\/pages\/1304"}],"collection":[{"href":"https:\/\/traunstein-bicycle-club.de\/index.php?rest_route=\/wp\/v2\/pages"}],"about":[{"href":"https:\/\/traunstein-bicycle-club.de\/index.php?rest_route=\/wp\/v2\/types\/page"}],"author":[{"embeddable":true,"href":"https:\/\/traunstein-bicycle-club.de\/index.php?rest_route=\/wp\/v2\/users\/1"}],"replies":[{"embeddable":true,"href":"https:\/\/traunstein-bicycle-club.de\/index.php?rest_route=%2Fwp%2Fv2%2Fcomments&post=1304"}],"version-history":[{"count":6,"href":"https:\/\/traunstein-bicycle-club.de\/index.php?rest_route=\/wp\/v2\/pages\/1304\/revisions"}],"predecessor-version":[{"id":1371,"href":"https:\/\/traunstein-bicycle-club.de\/index.php?rest_route=\/wp\/v2\/pages\/1304\/revisions\/1371"}],"wp:attachment":[{"href":"https:\/\/traunstein-bicycle-club.de\/index.php?rest_route=%2Fwp%2Fv2%2Fmedia&parent=1304"}],"curies":[{"name":"wp","href":"https:\/\/api.w.org\/{rel}","templated":true}]}}